{"id":278,"date":"2022-01-11T15:29:14","date_gmt":"2022-01-11T15:29:14","guid":{"rendered":"https:\/\/www.doularitafaleiro.pt\/?page_id=278"},"modified":"2023-06-28T14:37:47","modified_gmt":"2023-06-28T14:37:47","slug":"quem-sou-eu","status":"publish","type":"page","link":"https:\/\/www.doularitafaleiro.pt\/index.php\/quem-sou-eu\/","title":{"rendered":"Quem sou eu?"},"content":{"rendered":"<div class=\"wp-block-image is-style-rounded\">\n<figure class=\"alignleft size-medium\"><img loading=\"lazy\" decoding=\"async\" width=\"227\" height=\"300\" src=\"https:\/\/www.doularitafaleiro.pt\/wp-content\/uploads\/2023\/06\/BackgroundEraser_20220506_220204442-227x300.jpeg\" alt=\"\" class=\"wp-image-513\" srcset=\"https:\/\/www.doularitafaleiro.pt\/wp-content\/uploads\/2023\/06\/BackgroundEraser_20220506_220204442-227x300.jpeg 227w, https:\/\/www.doularitafaleiro.pt\/wp-content\/uploads\/2023\/06\/BackgroundEraser_20220506_220204442.jpeg 720w\" sizes=\"auto, (max-width: 227px) 100vw, 227px\" \/><\/figure>\n<\/div>\n\n\n<p class=\"has-medium-font-size\">Nasci em 1984 e desde sempre gostei de ler e estudar. Tenho ainda forma\u00e7\u00e3o a n\u00edvel de terapias complementares como o Reiki ou a Hipnoterapia.<\/p>\n\n\n\n<p class=\"has-medium-font-size\">Sou m\u00e3e de um primeiro filho nascido por cesariana ap\u00f3s uma indu\u00e7\u00e3o que me disseram ter falhado. Passado quatro anos engravidei e decidi que seria diferente, que me iria informar. Infelizmente foi uma gravidez que n\u00e3o vingou, e, quatro anos depois, chegou a minha segunda crian\u00e7a. Nessa gravidez, optei por ser seguida por uma doula, optei por fazer um plano de parto informado, optei por me empoderar e por lutar pelo que sei que s\u00e3o os meus direitos. Foi uma experi\u00eancia absolutamente diferente, e no seguimento de aprender tantas coisa que me fez ver tudo o que esteve errado no meu primeiro parto, cresceu em mim cada vez mais forte o desejo de ajudar outras mulheres a perceberem melhor n\u00e3o apenas todo este processo como ajudar a perceber que sim, \u00e9 poss\u00edvel empoderarem-se, \u00e9 poss\u00edvel lutar pelo direito a um parto humanizado, \u00e9 poss\u00edvel voltar a tomar controle do nosso corpo, \u00e9 poss\u00edvel recusar pr\u00e1ticas com as quais n\u00e3o se sentem confort\u00e1veis, pr\u00e1ticas que (salvo indica\u00e7\u00e3o m\u00e9dica, claro) n\u00e3o lhes fazem sentido.<\/p>\n\n\n\n<p class=\"has-medium-font-size\"><strong>SOU DOULA<\/strong><\/p>\n\n\n\n<p class=\"has-medium-font-size\">Estou dispon\u00edvel para te acompanhar durante a gravidez, parto e p\u00f3s parto, sempre baseada nas \u00faltimas evid\u00eancias cient\u00edficas.<\/p>\n\n\n<p class=\"has-medium-font-size\"><strong>SOU CONSELHEIRA DE AMAMENTA\u00c7\u00c3O<\/strong><br \/><br \/>Posso ajudar-te a preparar a tua amamenta\u00e7\u00e3o desde o momento da tua gravidez (o que \u00e9 desej\u00e1vel) ou no teu p\u00f3s-parto, caso estejas com dificuldades, dores, feridas, ou simplesmente d\u00favidas se o teu beb\u00e9 est\u00e1 a comer o suficiente.<\/p>","protected":false},"excerpt":{"rendered":"<p>Nasci em 1984 e desde sempre gostei de ler e estudar. Tenho ainda forma\u00e7\u00e3o a n\u00edvel de terapias complementares como o Reiki ou a Hipnoterapia. Sou m\u00e3e de um primeiro filho nascido por cesariana ap\u00f3s uma indu\u00e7\u00e3o que me disseram ter falhado. Passado quatro anos engravidei e decidi que seria diferente, que me iria informar. [&hellip;]<\/p>\n","protected":false},"author":1,"featured_media":513,"parent":0,"menu_order":0,"comment_status":"closed","ping_status":"closed","template":"","meta":{"footnotes":""},"class_list":["post-278","page","type-page","status-publish","has-post-thumbnail","hentry"],"yoast_head":"<!-- This site is optimized with the Yoast SEO plugin v27.3 - https:\/\/yoast.com\/product\/yoast-seo-wordpress\/ -->\n<title>Quem sou eu? - Doula Rita Faleiro<\/title>\n<meta name=\"robots\" content=\"index, follow, max-snippet:-1, max-image-preview:large, max-video-preview:-1\" \/>\n<link rel=\"canonical\" href=\"https:\/\/www.doularitafaleiro.pt\/index.php\/quem-sou-eu\/\" \/>\n<meta property=\"og:locale\" content=\"pt_PT\" \/>\n<meta property=\"og:type\" content=\"article\" \/>\n<meta property=\"og:title\" content=\"Quem sou eu? - Doula Rita Faleiro\" \/>\n<meta property=\"og:description\" content=\"Nasci em 1984 e desde sempre gostei de ler e estudar. Tenho ainda forma\u00e7\u00e3o a n\u00edvel de terapias complementares como o Reiki ou a Hipnoterapia. Sou m\u00e3e de um primeiro filho nascido por cesariana ap\u00f3s uma indu\u00e7\u00e3o que me disseram ter falhado. Passado quatro anos engravidei e decidi que seria diferente, que me iria informar. [&hellip;]\" \/>\n<meta property=\"og:url\" content=\"https:\/\/www.doularitafaleiro.pt\/index.php\/quem-sou-eu\/\" \/>\n<meta property=\"og:site_name\" content=\"Doula Rita Faleiro\" \/>\n<meta property=\"article:modified_time\" content=\"2023-06-28T14:37:47+00:00\" \/>\n<meta property=\"og:image\" content=\"https:\/\/www.doularitafaleiro.pt\/wp-content\/uploads\/2023\/06\/BackgroundEraser_20220506_220204442.jpeg\" \/>\n\t<meta property=\"og:image:width\" content=\"720\" \/>\n\t<meta property=\"og:image:height\" content=\"951\" \/>\n\t<meta property=\"og:image:type\" content=\"image\/jpeg\" \/>\n<meta name=\"twitter:card\" content=\"summary_large_image\" \/>\n<meta name=\"twitter:label1\" content=\"Tempo estimado de leitura\" \/>\n\t<meta name=\"twitter:data1\" content=\"2 minutos\" \/>\n<script type=\"application\/ld+json\" class=\"yoast-schema-graph\">{\"@context\":\"https:\\\/\\\/schema.org\",\"@graph\":[{\"@type\":[\"WebPage\",\"CollectionPage\"],\"@id\":\"https:\\\/\\\/www.doularitafaleiro.pt\\\/index.php\\\/quem-sou-eu\\\/\",\"url\":\"https:\\\/\\\/www.doularitafaleiro.pt\\\/index.php\\\/quem-sou-eu\\\/\",\"name\":\"Quem sou eu? - Doula Rita Faleiro\",\"isPartOf\":{\"@id\":\"https:\\\/\\\/www.doularitafaleiro.pt\\\/#website\"},\"primaryImageOfPage\":{\"@id\":\"https:\\\/\\\/www.doularitafaleiro.pt\\\/index.php\\\/quem-sou-eu\\\/#primaryimage\"},\"image\":{\"@id\":\"https:\\\/\\\/www.doularitafaleiro.pt\\\/index.php\\\/quem-sou-eu\\\/#primaryimage\"},\"thumbnailUrl\":\"https:\\\/\\\/www.doularitafaleiro.pt\\\/wp-content\\\/uploads\\\/2023\\\/06\\\/BackgroundEraser_20220506_220204442.jpeg\",\"datePublished\":\"2022-01-11T15:29:14+00:00\",\"dateModified\":\"2023-06-28T14:37:47+00:00\",\"breadcrumb\":{\"@id\":\"https:\\\/\\\/www.doularitafaleiro.pt\\\/index.php\\\/quem-sou-eu\\\/#breadcrumb\"},\"inLanguage\":\"pt-PT\"},{\"@type\":\"ImageObject\",\"inLanguage\":\"pt-PT\",\"@id\":\"https:\\\/\\\/www.doularitafaleiro.pt\\\/index.php\\\/quem-sou-eu\\\/#primaryimage\",\"url\":\"https:\\\/\\\/www.doularitafaleiro.pt\\\/wp-content\\\/uploads\\\/2023\\\/06\\\/BackgroundEraser_20220506_220204442.jpeg\",\"contentUrl\":\"https:\\\/\\\/www.doularitafaleiro.pt\\\/wp-content\\\/uploads\\\/2023\\\/06\\\/BackgroundEraser_20220506_220204442.jpeg\",\"width\":720,\"height\":951},{\"@type\":\"BreadcrumbList\",\"@id\":\"https:\\\/\\\/www.doularitafaleiro.pt\\\/index.php\\\/quem-sou-eu\\\/#breadcrumb\",\"itemListElement\":[{\"@type\":\"ListItem\",\"position\":1,\"name\":\"In\u00edcio\",\"item\":\"https:\\\/\\\/www.doularitafaleiro.pt\\\/\"},{\"@type\":\"ListItem\",\"position\":2,\"name\":\"Quem sou eu?\"}]},{\"@type\":\"WebSite\",\"@id\":\"https:\\\/\\\/www.doularitafaleiro.pt\\\/#website\",\"url\":\"https:\\\/\\\/www.doularitafaleiro.pt\\\/\",\"name\":\"Doula Rita Faleiro\",\"description\":\"\",\"potentialAction\":[{\"@type\":\"SearchAction\",\"target\":{\"@type\":\"EntryPoint\",\"urlTemplate\":\"https:\\\/\\\/www.doularitafaleiro.pt\\\/?s={search_term_string}\"},\"query-input\":{\"@type\":\"PropertyValueSpecification\",\"valueRequired\":true,\"valueName\":\"search_term_string\"}}],\"inLanguage\":\"pt-PT\"}]}<\/script>\n<!-- \/ Yoast SEO plugin. -->","yoast_head_json":{"title":"Quem sou eu? - Doula Rita Faleiro","robots":{"index":"index","follow":"follow","max-snippet":"max-snippet:-1","max-image-preview":"max-image-preview:large","max-video-preview":"max-video-preview:-1"},"canonical":"https:\/\/www.doularitafaleiro.pt\/index.php\/quem-sou-eu\/","og_locale":"pt_PT","og_type":"article","og_title":"Quem sou eu? - Doula Rita Faleiro","og_description":"Nasci em 1984 e desde sempre gostei de ler e estudar. Tenho ainda forma\u00e7\u00e3o a n\u00edvel de terapias complementares como o Reiki ou a Hipnoterapia. Sou m\u00e3e de um primeiro filho nascido por cesariana ap\u00f3s uma indu\u00e7\u00e3o que me disseram ter falhado. Passado quatro anos engravidei e decidi que seria diferente, que me iria informar. [&hellip;]","og_url":"https:\/\/www.doularitafaleiro.pt\/index.php\/quem-sou-eu\/","og_site_name":"Doula Rita Faleiro","article_modified_time":"2023-06-28T14:37:47+00:00","og_image":[{"width":720,"height":951,"url":"https:\/\/www.doularitafaleiro.pt\/wp-content\/uploads\/2023\/06\/BackgroundEraser_20220506_220204442.jpeg","type":"image\/jpeg"}],"twitter_card":"summary_large_image","twitter_misc":{"Tempo estimado de leitura":"2 minutos"},"schema":{"@context":"https:\/\/schema.org","@graph":[{"@type":["WebPage","CollectionPage"],"@id":"https:\/\/www.doularitafaleiro.pt\/index.php\/quem-sou-eu\/","url":"https:\/\/www.doularitafaleiro.pt\/index.php\/quem-sou-eu\/","name":"Quem sou eu? - Doula Rita Faleiro","isPartOf":{"@id":"https:\/\/www.doularitafaleiro.pt\/#website"},"primaryImageOfPage":{"@id":"https:\/\/www.doularitafaleiro.pt\/index.php\/quem-sou-eu\/#primaryimage"},"image":{"@id":"https:\/\/www.doularitafaleiro.pt\/index.php\/quem-sou-eu\/#primaryimage"},"thumbnailUrl":"https:\/\/www.doularitafaleiro.pt\/wp-content\/uploads\/2023\/06\/BackgroundEraser_20220506_220204442.jpeg","datePublished":"2022-01-11T15:29:14+00:00","dateModified":"2023-06-28T14:37:47+00:00","breadcrumb":{"@id":"https:\/\/www.doularitafaleiro.pt\/index.php\/quem-sou-eu\/#breadcrumb"},"inLanguage":"pt-PT"},{"@type":"ImageObject","inLanguage":"pt-PT","@id":"https:\/\/www.doularitafaleiro.pt\/index.php\/quem-sou-eu\/#primaryimage","url":"https:\/\/www.doularitafaleiro.pt\/wp-content\/uploads\/2023\/06\/BackgroundEraser_20220506_220204442.jpeg","contentUrl":"https:\/\/www.doularitafaleiro.pt\/wp-content\/uploads\/2023\/06\/BackgroundEraser_20220506_220204442.jpeg","width":720,"height":951},{"@type":"BreadcrumbList","@id":"https:\/\/www.doularitafaleiro.pt\/index.php\/quem-sou-eu\/#breadcrumb","itemListElement":[{"@type":"ListItem","position":1,"name":"In\u00edcio","item":"https:\/\/www.doularitafaleiro.pt\/"},{"@type":"ListItem","position":2,"name":"Quem sou eu?"}]},{"@type":"WebSite","@id":"https:\/\/www.doularitafaleiro.pt\/#website","url":"https:\/\/www.doularitafaleiro.pt\/","name":"Doula Rita Faleiro","description":"","potentialAction":[{"@type":"SearchAction","target":{"@type":"EntryPoint","urlTemplate":"https:\/\/www.doularitafaleiro.pt\/?s={search_term_string}"},"query-input":{"@type":"PropertyValueSpecification","valueRequired":true,"valueName":"search_term_string"}}],"inLanguage":"pt-PT"}]}},"_links":{"self":[{"href":"https:\/\/www.doularitafaleiro.pt\/index.php\/wp-json\/wp\/v2\/pages\/278","targetHints":{"allow":["GET"]}}],"collection":[{"href":"https:\/\/www.doularitafaleiro.pt\/index.php\/wp-json\/wp\/v2\/pages"}],"about":[{"href":"https:\/\/www.doularitafaleiro.pt\/index.php\/wp-json\/wp\/v2\/types\/page"}],"author":[{"embeddable":true,"href":"https:\/\/www.doularitafaleiro.pt\/index.php\/wp-json\/wp\/v2\/users\/1"}],"replies":[{"embeddable":true,"href":"https:\/\/www.doularitafaleiro.pt\/index.php\/wp-json\/wp\/v2\/comments?post=278"}],"version-history":[{"count":4,"href":"https:\/\/www.doularitafaleiro.pt\/index.php\/wp-json\/wp\/v2\/pages\/278\/revisions"}],"predecessor-version":[{"id":519,"href":"https:\/\/www.doularitafaleiro.pt\/index.php\/wp-json\/wp\/v2\/pages\/278\/revisions\/519"}],"wp:featuredmedia":[{"embeddable":true,"href":"https:\/\/www.doularitafaleiro.pt\/index.php\/wp-json\/wp\/v2\/media\/513"}],"wp:attachment":[{"href":"https:\/\/www.doularitafaleiro.pt\/index.php\/wp-json\/wp\/v2\/media?parent=278"}],"curies":[{"name":"wp","href":"https:\/\/api.w.org\/{rel}","templated":true}]}}